of 188513?
1
What is the hundreds digit of 7474?
4
What is the thousands digit of 2635?
2
What is the thousands digit of 9593?
9
What is the tens digit of 15674?
7
What is the units digit of 37546?
6
What is the tens digit of 13295?
9
What is the tens digit of 82095?
9
What is the tens digit of 1815?
1
What is the tens digit of 889?
8
What is the hundreds digit of 71929?
9
What is the hundreds digit of 5724?
7
What is the units digit of 641?
1
What is the hundreds digit of 1975?
9
What is the ten thousands digit of 104468?
0
What is the tens digit of 1344?
4
What is the units digit of 627?
7
What is the units digit of 5460?
0
What is the units digit of 34327?
7
What is the hundreds digit of 190?
1
What is the units digit of 1256?
6
What is the tens digit of 102?
0
What is the hundreds digit of 625?
6
What is the hundreds digit of 23874?
8
What is the thousands digit of 10187?
0
What is the units digit of 46890?
0
What is the units digit of 1766?
6
What is the units digit of 7261?
1
What is the hundreds digit of 1031?
0
What is the ten thousands digit of 121996?
2
What is the tens digit of 1587?
8
What is the units digit of 1718?
8
What is the hundreds digit of 175818?
8
What is the units digit of 6025?
5
What is the hundreds digit of 1062?
0
What is the hundreds digit of 4167?
1
What is the tens digit of 717?
1
What is the thousands digit of 48907?
8
What is the tens digit of 58629?
2
What is the ten thousands digit of 45084?
4
What is the hundreds digit of 3142?
1
What is the tens digit of 73184?
8
What is the thousands digit of 1367?
1
What is the units digit of 16653?
3
What is the tens digit of 7855?
5
What is the hundreds digit of 103?
1
What is the tens digit of 71537?
3
What is the thousands digit of 11581?
1
What is the units digit of 26144?
4
What is the tens digit of 166?
6
What is the thousands digit of 35527?
5
What is the hundreds digit of 698?
6
What is the thousands digit of 76988?
6
What is the tens digit of 284?
8
What is the units digit of 1415?
5
What is the thousands digit of 2067?
2
What is the units digit of 116?
6
What is the hundreds digit of 111?
1
What is the hundreds digit of 6012?
0
What is the thousands digit of 1981?
1
What is the hundreds digit of 2742?
7
What is the units digit of 46874?
4
What is the units digit of 5552?
2
What is the thousands digit of 37862?
7
What is the hundreds digit of 30422?
4
What is the hundreds digit of 1651?
6
What is the thousands digit of 2131?
2
What is the units digit of 2806?
6
What is the hundreds digit of 19516?
5
What is the tens digit of 2837?
3
What is the units digit of 13262?
2
What is the hundreds digit of 66149?
1
What is the thousands digit of 2070?
2
What is the tens digit of 25647?
4
What is the thousands digit of 26172?
6
What is the thousands digit of 24879?
4
What is the tens digit of 950?
5
What is the thousands digit of 8826?
8
What is the hundreds digit of 447?
4
What is the hundreds digit of 5569?
5
What is the tens digit of 10770?
7
What is the hundreds digit of 1654?
6
What is the tens digit of 2045?
4
What is the tens digit of 4926?
2
What is the hundreds digit of 1693?
6
What is the tens digit of 6625?
2
What is the hundreds digit of 69372?
3
What is the hundreds digit of 825?
8
What is the units digit of 32032?
2
What is the units digit of 13544?
4
What is the tens digit of 1237?
3
What is the hundreds digit of 12345?
3
What is the units digit of 49144?
4
What is the thousands digit of 27145?
7
What is the hundreds digit of 1022?
0
What is the thousands digit of 5039?
5
What is the hundreds digit of 1871?
8
What is the units digit of 678?
8
What is the thousands digit of 8188?
8
What is the tens digit of 8287?
8
What is the units digit of 2696?
6
What is the hundreds digit of 579?
5
What is the tens digit of 1504?
0
What is the tens digit of 7679?
7
What is the tens digit of 1094?
9
What is the ten thousands digit of 111285?
1
What is the hundreds digit of 17863?
8
What is the thousands digit of 11506?
1
What is the hundreds digit of 28403?
4
What is the tens digit of 22048?
4
What is the tens digit of 142874?
7
What is the hundreds digit of 1005?
0
What is the hundreds digit of 221?
2
What is the units digit of 6938?
8
What is the thousands digit of 7845?
7
What is the tens digit of 52391?
9
What is the thousands digit of 81684?
1
What is the tens digit of 19218?
1
What is the hundreds digit of 134?
1
What is the units digit of 148040?
0
What is the units digit of 5806?
6
What is the hundreds digit of 8740?
7
What is the thousands digit of 6895?
6
What is the tens digit of 1156?
5
What is the units digit of 13445?
5
What is the tens digit of 4196?
9
What is the units digit of 99?
9
What is the units digit of 4114?
4
What is the hundreds digit of 909?
9
What is the thousands digit of 2908?
2
What is the tens digit of 2902?
0
What is the tens digit of 3578?
7
What is the hundred thousands digit of 119649?
1
What is the units digit of 12403?
3
What is the units digit of 78150?
0
What is the hundreds digit of 124?
1
What is the hundreds digit of 4966?
9
What is the hundreds digit of 33178?
1
What is the units digit of 160402?
2
What is the thousands digit of 3991?
3
What is the hundreds digit of 433?
4
What is the thousands digit of 5665?
5
What is the tens digit of 11783?
8
What is the hundreds digit of 422?
4
What is the units digit of 1313?
3
What is the hundreds digit of 4351?
3
What is the hundreds digit of 986?
9
What is the tens digit of 134476?
7
What is the tens digit of 1569?
6
What is the units digit of 40911?
1
What is the thousands digit of 4752?
4
What is the ten thousands digit of 83440?
8
What is the tens digit of 2476?
7
What is the hundreds digit of 13520?
5
What is the tens digit of 1594?
9
What is the tens digit of 4742?
4
What is the tens digit of 919?
1
What is the units digit of 2554?
4
What is the units digit of 132552?
2
What is the tens digit of 155553?
5
What is the tens digit of 1515?
1
What is the tens digit of 5035?
3
What is the tens digit of 653?
5
What is the tens digit of 84430?
3
What is the units digit of 844?
4
What is the tens digit of 72?
7
What is the thousands digit of 1315?
1
What is the tens digit of 11363?
6
What is the ten thousands digit of 19876?
1
What is the thousands digit of 1747?
1
What is the tens digit of 1570?
7
What is the units digit of 1134?
4
What is the hundreds digit of 522?
5
What is the hundreds digit of 126611?
6
What is the units digit of 4866?
6
What is the units digit of 29739?
9
What is the tens digit of 407?
0
What is the hundreds digit of 23194?
1
What is the tens digit of 741?
4
What is the ten thousands digit of 123179?
2
What is the thousands digit of 2367?
2
What is the hundreds digit of 509?
5
What is the units digit of 125047?
7
What is the hundreds digit of 5217?
2
What is the tens digit of 94731?
3
What is the tens digit of 38662?
6
What is the tens digit of 947?
4
What is the units digit of 207?
7
What is the units digit of 5586?
6
What is the tens digit of 762?
6
What is the units digit of 7433?
3
What is the hundreds digit of 797?
7
What is the tens digit of 2399?
9
What is the units digit of 1545?
5
What is the ten thousands digit of 29608?
2
What is the hundreds digit of 5139?
1
What is the units digit of 1123?
3
What is the thousands digit of 1050?
1
What is the hundreds digit of 5713?
7
What is the tens digit of 1112?
1
What is the units digit of 3645?
5
What is the tens digit of 1469?
6
What is the units digit of 4431?
1
What is the units digit of 18095?
5
What is the hundreds digit of 831?
8
What is the hundreds digit of 4970?
9
What is the tens digit of 442?
4
What is the hundreds digit of 2210?
2
What is the hundreds digit of 3986?
9
What is the units digit of 91307?
7
What is the units digit of 294?
4
What is the hundreds digit of 9084?
0
What is the thousands digit of 4287?
4
What is the units digit of 134143?
3
What is the units digit of 27744?
4
What is the thousands digit of 1178?
1
What is the units digit of 4949?
9
What is the tens digit of 792?
9
What is the hundreds digit of 930?
9
What is the hundreds digit of 4261?
2
What is the ten thousands digit of 56709?
5
What is the thousands digit of 5749?
5
What is the tens digit of 4162?
6
What is the units digit